ds digit of 195386082?
6
What is the thousands digit of 24146672?
6
What is the thousands digit of 2292008622?
8
What is the hundreds digit of 50676166?
1
What is the tens digit of 45578343?
4
What is the ten thousands digit of 320947880?
4
What is the tens digit of 231679901?
0
What is the hundred thousands digit of 463709013?
7
What is the units digit of 961625?
5
What is the hundreds digit of 6734788?
7
What is the units digit of 63673930?
0
What is the millions digit of 204849247?
4
What is the millions digit of 135987768?
5
What is the ten thousands digit of 129850402?
5
What is the hundred thousands digit of 821191508?
1
What is the ten thousands digit of 107474375?
7
What is the tens digit of 17141653?
5
What is the hundred millions digit of 1040325544?
0
What is the hundred thousands digit of 1079918840?
9
What is the tens digit of 2378861282?
8
What is the ten millions digit of 57283904?
5
What is the units digit of 4364065?
5
What is the ten millions digit of 891610068?
9
What is the hundred thousands digit of 25107678?
1
What is the hundred thousands digit of 7017846029?
8
What is the tens digit of 148348050?
5
What is the hundred thousands digit of 67669236?
6
What is the ten millions digit of 2207873502?
0
What is the tens digit of 6120966240?
4
What is the ten millions digit of 155679675?
5
What is the ten millions digit of 705433489?
0
What is the millions digit of 1600934?
1
What is the hundred thousands digit of 3949020094?
0
What is the units digit of 422467497?
7
What is the hundreds digit of 8883952?
9
What is the thousands digit of 113086568?
6
What is the ten millions digit of 12345734?
1
What is the units digit of 313408727?
7
What is the ten millions digit of 469988385?
6
What is the hundred millions digit of 435153604?
4
What is the tens digit of 3653794733?
3
What is the tens digit of 1420780851?
5
What is the tens digit of 76602617?
1
What is the hundreds digit of 60157321?
3
What is the units digit of 5612626906?
6
What is the ten thousands digit of 919397366?
9
What is the billions digit of 5159072544?
5
What is the hundred thousands digit of 2176712605?
7
What is the units digit of 52348913?
3
What is the hundreds digit of 376837428?
4
What is the thousands digit of 963879786?
9
What is the thousands digit of 41178071?
8
What is the hundreds digit of 789868015?
0
What is the millions digit of 5841592851?
1
What is the millions digit of 86811321?
6
What is the hundreds digit of 466656176?
1
What is the tens digit of 758667520?
2
What is the millions digit of 2224894461?
4
What is the hundred millions digit of 1683024359?
6
What is the ten thousands digit of 428702?
2
What is the thousands digit of 994782623?
2
What is the thousands digit of 55931140?
1
What is the hundred thousands digit of 7089957286?
9
What is the hundred thousands digit of 60162465?
1
What is the hundred thousands digit of 81690958?
6
What is the millions digit of 911294623?
1
What is the millions digit of 21980620?
1
What is the tens digit of 17244212?
1
What is the millions digit of 134864893?
4
What is the ten thousands digit of 1289948430?
4
What is the billions digit of 3566327419?
3
What is the units digit of 33939549?
9
What is the hundred millions digit of 415726641?
4
What is the millions digit of 40472960?
0
What is the thousands digit of 5579975986?
5
What is the millions digit of 143043409?
3
What is the hundred millions digit of 272518851?
2
What is the ten millions digit of 208814633?
0
What is the millions digit of 1524529450?
4
What is the tens digit of 686165011?
1
What is the units digit of 12249161?
1
What is the tens digit of 2094236247?
4
What is the tens digit of 81465298?
9
What is the ten thousands digit of 60240606?
4
What is the tens digit of 1608151333?
3
What is the units digit of 19130061?
1
What is the millions digit of 61211977?
1
What is the hundreds digit of 89216755?
7
What is the ten millions digit of 225062749?
2
What is the thousands digit of 5483351795?
1
What is the hundreds digit of 3148769693?
6
What is the hundreds digit of 254347186?
1
What is the units digit of 11837675?
5
What is the millions digit of 313710177?
3
What is the ten millions digit of 116590846?
1
What is the millions digit of 94744980?
4
What is the hundreds digit of 304649958?
9
What is the units digit of 1145043674?
4
What is the millions digit of 204683062?
4
What is the ten thousands digit of 218890789?
9
What is the hundred thousands digit of 19035071?
0
What is the hundred thousands digit of 137250551?
2
What is the units digit of 70243414?
4
What is the ten millions digit of 257969143?
5
What is the millions digit of 442664782?
2
What is the ten millions digit of 97271931?
9
What is the hundred thousands digit of 142026470?
0
What is the hundred thousands digit of 452222748?
2
What is the hundred thousands digit of 2076287084?
2
What is the ten thousands digit of 63737259?
3
What is the millions digit of 2256451662?
6
What is the millions digit of 930809295?
0
What is the hundreds digit of 625965345?
3
What is the ten thousands digit of 5059116007?
1
What is the ten millions digit of 1777910886?
7
What is the thousands digit of 539257270?
7
What is the hundred millions digit of 2656375831?
6
What is the ten thousands digit of 233377779?
7
What is the billions digit of 2543730156?
2
What is the hundreds digit of 4044023370?
3
What is the units digit of 136557658?
8
What is the hundred millions digit of 595148744?
5
What is the hundreds digit of 826904887?
8
What is the tens digit of 72700991?
9
What is the units digit of 777761675?
5
What is the ten millions digit of 182519848?
8
What is the hundred millions digit of 2538523912?
5
What is the hundred millions digit of 1427587930?
4
What is the hundred thousands digit of 756982847?
9
What is the tens digit of 80504845?
4
What is the hundred thousands digit of 69080747?
0
What is the thousands digit of 13548939?
8
What is the hundred thousands digit of 1916368506?
3
What is the units digit of 6195431015?
5
What is the millions digit of 29803755?
9
What is the hundreds digit of 376478056?
0
What is the hundred thousands digit of 4022465603?
4
What is the tens digit of 9382827?
2
What is the units digit of 26682273?
3
What is the hundred thousands digit of 74268926?
2
What is the tens digit of 94137363?
6
What is the ten millions digit of 41053530?
4
What is the ten millions digit of 5704521939?
0
What is the ten millions digit of 311951936?
1
What is the ten millions digit of 224550161?
2
What is the hundred millions digit of 771746995?
7
What is the tens digit of 490106381?
8
What is the ten thousands digit of 1225356640?
5
What is the thousands digit of 39052132?
2
What is the units digit of 313495628?
8
What is the thousands digit of 50145179?
5
What is the thousands digit of 62054792?
4
What is the millions digit of 464598370?
4
What is the billions digit of 3594163184?
3
What is the units digit of 1636490485?
5
What is the hundred thousands digit of 43104081?
1
What is the hundred thousands digit of 812922930?
9
What is the hundreds digit of 2317509516?
5
What is the ten thousands digit of 1079336168?
3
What is the ten thousands digit of 1622895429?
9
What is the millions digit of 6570838154?
0
What is the units digit of 172957581?
1
What is the tens digit of 2670532609?
0
What is the thousands digit of 5971742?
1
What is the units digit of 1804489874?
4
What is the tens digit of 2060945760?
6
What is the ten thousands digit of 45198119?
9
What is the units digit of 2874473962?
2
What is the hundreds digit of 637310517?
5
What is the thousands digit of 509147584?
7
What is the hundred thousands digit of 4267656868?
6
What is the billions digit of 6614300074?
6
What is the units digit of 173257693?
3
What is the units digit of 80631317?
7
What is the hundreds digit of 32962189?
1
What is the tens digit of 57910725?
2
What is the millions digit of 351556660?
1
What is the hundred thousands digit of 1652441056?
4
What is the ten thousands digit of 272666407?
6
What is the ten thousands digit of 205924899?
2
What is the ten thousands digit of 229736002?
3
What is the hundred thousands digit of 657128399?
1
What is the hundred thousands digit of 275751589?
7
What is the millions 